s 12 a factor of 156?
True
Is 87 a factor of 4350?
True
Is 13 a factor of 115?
False
Does 16 divide 22543?
False
Is 3 a factor of 1116?
True
Is 1416 a multiple of 25?
False
Is 130 a multiple of 20?
False
Is 172 a factor of 6893?
False
Does 52 divide 586?
False
Does 42 divide 1092?
True
Is 22 a factor of 748?
True
Does 10 divide 190?
True
Is 552 a multiple of 23?
True
Is 384 a multiple of 48?
True
Is 7690 a multiple of 61?
False
Does 35 divide 55844?
False
Is 8831 a multiple of 3?
False
Does 51 divide 124025?
False
Does 31 divide 11347?
False
Is 2592 a multiple of 12?
True
Is 181 a factor of 22082?
True
Is 3276 a multiple of 63?
True
Is 58 a multiple of 3?
False
Does 32 divide 40640?
True
Does 167 divide 6680?
True
Is 10 a factor of 615?
False
Is 2776 a multiple of 43?
False
Is 72 a factor of 14316?
False
Is 24 a factor of 1440?
True
Is 97 a factor of 38044?
False
Is 8 a factor of 4120?
True
Is 21 a factor of 4095?
True
Is 4 a factor of 4888?
True
Is 851 a multiple of 32?
False
Is 300 a multiple of 26?
False
Is 7 a factor of 57184?
False
Does 14 divide 1445?
False
Does 18 divide 341?
False
Is 40099 a multiple of 74?
False
Does 96 divide 281?
False
Is 15 a factor of 10893?
False
Is 48523 a multiple of 65?
False
Is 3980 a multiple of 20?
True
Is 16 a factor of 4544?
True
Is 15 a factor of 1245?
True
Is 3526 a multiple of 43?
True
Is 2 a factor of 919?
False
Is 241 a multiple of 12?
False
Is 39659 a multiple of 146?
False
Is 11 a factor of 4992?
False
Is 30798 a multiple of 114?
False
Is 51 a factor of 285?
False
Is 23 a factor of 933?
False
Does 14 divide 19?
False
Is 27 a factor of 3375?
True
Is 17 a factor of 8593?
False
Is 113254 a multiple of 172?
False
Is 75 a factor of 181?
False
Does 13 divide 46202?
True
Is 162 a factor of 1782?
True
Is 16686 a multiple of 9?
True
Does 12 divide 3780?
True
Is 405 a multiple of 27?
True
Does 43 divide 188?
False
Does 2 divide 471?
False
Is 3 a factor of 72?
True
Is 20 a factor of 1174?
False
Is 6643 a multiple of 15?
False
Is 21 a factor of 1795?
False
Is 28 a factor of 53816?
True
Is 1472 a multiple of 32?
True
Is 13 a factor of 19331?
True
Does 5 divide 2235?
True
Does 19 divide 4579?
True
Does 8 divide 52216?
True
Is 2822 a multiple of 13?
False
Is 385 a multiple of 2?
False
Is 213 a factor of 25560?
True
Does 31 divide 972?
False
Is 4224 a multiple of 32?
True
Does 3 divide 3472?
False
Is 21707 a multiple of 7?
True
Does 11 divide 596?
False
Is 51 a factor of 1659?
False
Is 98 a factor of 3332?
True
Does 15 divide 2145?
True
Does 35 divide 4705?
False
Does 3 divide 522?
True
Is 1352 a multiple of 13?
True
Is 14 a factor of 11094?
False
Is 33 a multiple of 9?
False
Is 3555 a multiple of 45?
True
Is 67268 a multiple of 134?
True
Is 20169 a multiple of 16?
False
Is 1617 a multiple of 77?
True
Is 120 a factor of 9642?
False
Does 34 divide 1833?
False
Does 42 divide 3612?
True
Is 8478 a multiple of 18?
True
Is 40 a factor of 12544?
False
Is 5 a factor of 4413?
False
Does 9 divide 164?
False
Does 11 divide 819?
False
Is 980 a multiple of 4?
True
Is 2340 a multiple of 6?
True
Does 78 divide 546?
True
Is 11 a factor of 8066?
False
Is 34 a factor of 1968?
False
Is 15 a factor of 3090?
True
Is 5355 a multiple of 21?
True
Is 12 a factor of 11275?
False
Is 16 a factor of 573?
False
Does 158 divide 9006?
True
Does 9 divide 12960?
True
Does 48 divide 2016?
True
Does 14 divide 56?
True
Is 46 a factor of 6486?
True
Is 826 a multiple of 23?
False
Does 10 divide 1312?
False
Does 40 divide 9600?
True
Does 142 divide 23004?
True
Does 3 divide 22?
False
Is 11 a factor of 6083?
True
Does 8 divide 33520?
True
Is 10 a factor of 730?
True
Is 2190 a multiple of 17?
False
Is 277 a multiple of 12?
False
Is 10241 a multiple of 209?
True
Does 25 divide 9300?
True
Is 24133 a multiple of 89?
False
Is 15 a multiple of 5?
True
Does 30 divide 61?
False
Is 3402 a multiple of 21?
True
Is 119 a factor of 8083?
False
Is 42 a factor of 1089?
False
Does 6 divide 2653?
False
Is 15 a factor of 46110?
True
Is 23 a factor of 1192?
False
Does 10 divide 522?
False
Does 21 divide 1512?
True
Is 8731 a multiple of 11?
False
Does 89 divide 694?
False
Does 49 divide 440?
False
Is 9984 a multiple of 26?
True
Does 16 divide 7351?
False
Does 93 divide 45663?
True
Is 6642 a multiple of 9?
True
Is 2304 a multiple of 18?
True
Does 8 divide 477?
False
Is 44 a factor of 1012?
True
Is 10 a factor of 2290?
True
Does 68 divide 1360?
True
Does 164 divide 51332?
True
Is 230 a factor of 52490?
False
Is 51 a factor of 2108?
False
Is 16918 a multiple of 22?
True
Is 1291 a multiple of 20?
False
Is 72192 a multiple of 34?
False
Does 18 divide 9990?
True
Is 622 a multiple of 11?
False
Is 114880 a multiple of 12?
False
Is 6 a factor of 590?
False
Is 36444 a multiple of 51?
False
Is 13 a factor of 91?
True
Is 5866 a multiple of 14?
True
Is 1081 a multiple of 23?
True
Is 32 a factor of 1348?
False
Is 5 a factor of 75?
True
Does 37 divide 629?
True
Is 67441 a multiple of 69?
False
Is 64 a factor of 72?
False
Is 20 a factor of 21420?
True
Does 18 divide 3160?
False
Is 97 a factor of 5529?
True
Is 98 a factor of 38808?
True
Does 35 divide 1549?
False
Does 25 divide 1000?
True
Is 2 a factor of 4576?
True
Is 96 a multiple of 8?
True
Does 10 divide 1202?
False
Is 3011 a multiple of 15?
False
Is 45 a factor of 647?
False
Does 8 divide 568?
True
Is 11 a factor of 319?
True
Does 20 divide 960?
True
Is 3 a factor of 749?
False
Is 2104 a multiple of 8?
True
Does 92 divide 8902?
False
Is 69328 a multiple of 16?
True
Is 434 a multiple of 7?
True
Is 28818 a multiple of 14?
False
Does 81 divide 22709?
False
Is 1624 a multiple of 3?
False
Is 11 a factor of 1089?
True
Is 203 a factor of 34168?
False
Is 27331 a multiple of 140?
False
Does 55 divide 26440?
False
Is 14 a factor of 839?
False
Is 54060 a multiple of 53?
True
Is 2390 a multiple of 7?
False
Is 950 a multiple of 19?
True
Is 14 a factor of 303?
False
Is 23 a multiple of 3?
False
Does 3 divide 57?
True
Does 14 divide 574?
True
Is 16 a factor of 20?
False
Does 55 divide 9451?
False
Does 3 divide 216?
True
Does 89 divide 7031?
True
Is 67413 a multiple of 69?
True
Is 6 a factor of 168?
True
Does 215 divide 5908?
False
Is 10 a factor of 1206?
False
Is 31 a factor of 744?
True
Is 288 a multiple of 24?
True
Is 3142 a multiple of 24?
False
Is 106 a factor of 59033?
False
Is 8 a factor of 384?
True
Is 9 a factor of 540?
True
Is 34 a factor of 578?
True
Is 72 a factor of 864?
True
Does 19 divide 3263?
False
Is 9 a factor of 5985?
True
Is 39 a factor of 956?
False
Is 8 a factor of 528?
True
Is 341 a multiple of 10?
False
Is 14 a factor of 6048?
True
Is 15 a factor of 121785?
True
Does 2 divide 246?
True
Is 11424 a multiple of 84?
True
Is 12285 a multiple of 7?
True
Is 12 a factor of 1410?
False
Is 682 a multiple of 14?
False
Is 3578 a multiple of 69?
False
Is 40 a factor of 1190?
False
Is 51714 a multiple of 98?
False
Does 4 divide 1896?
True
Is 1807 a multiple of 6?
False
Is 85 a factor of 6800?
True
Is 11050 a multiple of 5?
True
Is 17975 a multiple of 19?
False
Is 11 a factor of 892?
False
Is 9360 a multiple of 104?
True
Is 61 a factor of 61?
True
Is 6600 a multiple of 24?
True
Is 500 a multiple of 42?
False
Does 5 divide 660?
True
Does 27 divide 790?
False
Does 24 divide 1008?
True
Is 179 a factor of 12888?
True
Is 28 a factor of 17452?
False
Is 2340 a multiple of 30?
True
Is 12 a factor of 32796?
True
Does 6 divide 89?
False
Does 32 divide 3200?
True
Is 58 a factor of 12006?
True
Is 19 a factor of 514?
False
Does 12 divide 33564?
True
Is 6085 a multiple of 80?
False
Is 11940 a multiple of 16?
False
Is 29750 a multiple of 14?
True
Is 51590 a multiple of 5?
True
Does 35 divide 33413?
False
Is 594 a multiple of 11?
True
Does 17 divide 61?
False
Does 18 divide 5182?
False
Is 21 a factor of 279?
False
Is 11996 a multiple of 12?
False
Does 9 divide 1522?
False
Does 16 divide 64?
True
Is 6 a factor of 953?
False
Does 56 divide 728?
True
Is 5694 a multiple of 9?
False
Is 5564 a multiple of 12?
False
Does 129 divide 3673?
False
Does 18 divide 3357?
False
Is 41 a factor of 11726?
True
Is 1443 a multiple of 82?
False
Is 7 a factor of 6615?
True
Is 7 a factor of 44?
False
Does 16 divide 36665?
False
Is 11 a factor of 693?
True
Is 3 a factor of 10